{"id":909,"date":"2023-05-07T13:11:51","date_gmt":"2023-05-07T13:11:51","guid":{"rendered":"https:\/\/clinicasantasofia.com\/web\/?page_id=909"},"modified":"2023-07-07T19:51:27","modified_gmt":"2023-07-07T19:51:27","slug":"politica-de-gestion-de-riesgo-laft","status":"publish","type":"page","link":"https:\/\/clinicasantasofia.com\/index.php\/politica-de-gestion-de-riesgo-laft\/","title":{"rendered":"Pol\u00edtica de gesti\u00f3n de riesgo LAFT"},"content":{"rendered":"\t\t<div data-elementor-type=\"wp-page\" data-elementor-id=\"909\" class=\"elementor elementor-909\">\n\t\t\t\t\t\t\t\t\t<section class=\"elementor-section elementor-top-section elementor-element elementor-element-b063290 elementor-section-boxed elementor-section-height-default elementor-section-height-default\" data-id=\"b063290\" data-element_type=\"section\">\n\t\t\t\t\t\t<div class=\"elementor-container elementor-column-gap-default\">\n\t\t\t\t\t<div class=\"elementor-column elementor-col-100 elementor-top-column elementor-element elementor-element-10a8637\" data-id=\"10a8637\" data-element_type=\"column\">\n\t\t\t<div class=\"elementor-widget-wrap elementor-element-populated\">\n\t\t\t\t\t\t\t\t<div class=\"elementor-element elementor-element-e68a3ff elementor-widget elementor-widget-spacer\" data-id=\"e68a3ff\" data-element_type=\"widget\" data-widget_type=\"spacer.default\">\n\t\t\t\t<div class=\"elementor-widget-container\">\n\t\t\t<style>\/*! elementor - v3.12.2 - 23-04-2023 *\/\n.elementor-column .elementor-spacer-inner{height:var(--spacer-size)}.e-con{--container-widget-width:100%}.e-con-inner>.elementor-widget-spacer,.e-con>.elementor-widget-spacer{width:var(--container-widget-width,var(--spacer-size));--align-self:var(--container-widget-align-self,initial);--flex-shrink:0}.e-con-inner>.elementor-widget-spacer>.elementor-widget-container,.e-con-inner>.elementor-widget-spacer>.elementor-widget-container>.elementor-spacer,.e-con>.elementor-widget-spacer>.elementor-widget-container,.e-con>.elementor-widget-spacer>.elementor-widget-container>.elementor-spacer{height:100%}.e-con-inner>.elementor-widget-spacer>.elementor-widget-container>.elementor-spacer>.elementor-spacer-inner,.e-con>.elementor-widget-spacer>.elementor-widget-container>.elementor-spacer>.elementor-spacer-inner{height:var(--container-widget-height,var(--spacer-size))}<\/style>\t\t<div class=\"elementor-spacer\">\n\t\t\t<div class=\"elementor-spacer-inner\"><\/div>\n\t\t<\/div>\n\t\t\t\t<\/div>\n\t\t\t\t<\/div>\n\t\t\t\t\t<\/div>\n\t\t<\/div>\n\t\t\t\t\t\t\t<\/div>\n\t\t<\/section>\n\t\t\t\t<section class=\"elementor-section elementor-top-section elementor-element elementor-element-d666b13 elementor-section-boxed elementor-section-height-default elementor-section-height-default\" data-id=\"d666b13\" data-element_type=\"section\">\n\t\t\t\t\t\t<div class=\"elementor-container elementor-column-gap-default\">\n\t\t\t\t\t<div class=\"elementor-column elementor-col-50 elementor-top-column elementor-element elementor-element-57bca25\" data-id=\"57bca25\" data-element_type=\"column\">\n\t\t\t<div class=\"elementor-widget-wrap elementor-element-populated\">\n\t\t\t\t\t\t\t\t<div class=\"elementor-element elementor-element-dae9e4b elementor-widget elementor-widget-heading\" data-id=\"dae9e4b\" data-element_type=\"widget\" data-widget_type=\"heading.default\">\n\t\t\t\t<div class=\"elementor-widget-container\">\n\t\t\t<style>\/*! elementor - v3.12.2 - 23-04-2023 *\/\n.elementor-heading-title{padding:0;margin:0;line-height:1}.elementor-widget-heading .elementor-heading-title[class*=elementor-size-]>a{color:inherit;font-size:inherit;line-height:inherit}.elementor-widget-heading .elementor-heading-title.elementor-size-small{font-size:15px}.elementor-widget-heading .elementor-heading-title.elementor-size-medium{font-size:19px}.elementor-widget-heading .elementor-heading-title.elementor-size-large{font-size:29px}.elementor-widget-heading .elementor-heading-title.elementor-size-xl{font-size:39px}.elementor-widget-heading .elementor-heading-title.elementor-size-xxl{font-size:59px}<\/style><h1 class=\"elementor-heading-title elementor-size-default\">Pol\u00edtica de gesti\u00f3n de riesgo LAFT<\/h1>\t\t<\/div>\n\t\t\t\t<\/div>\n\t\t\t\t<div class=\"elementor-element elementor-element-3df4916 elementor-widget-divider--view-line elementor-widget elementor-widget-divider\" data-id=\"3df4916\" data-element_type=\"widget\" data-widget_type=\"divider.default\">\n\t\t\t\t<div class=\"elementor-widget-container\">\n\t\t\t<style>\/*! elementor - v3.12.2 - 23-04-2023 *\/\n.elementor-widget-divider{--divider-border-style:none;--divider-border-width:1px;--divider-color:#0c0d0e;--divider-icon-size:20px;--divider-element-spacing:10px;--divider-pattern-height:24px;--divider-pattern-size:20px;--divider-pattern-url:none;--divider-pattern-repeat:repeat-x}.elementor-widget-divider .elementor-divider{display:flex}.elementor-widget-divider .elementor-divider__text{font-size:15px;line-height:1;max-width:95%}.elementor-widget-divider .elementor-divider__element{margin:0 var(--divider-element-spacing);flex-shrink:0}.elementor-widget-divider .elementor-icon{font-size:var(--divider-icon-size)}.elementor-widget-divider .elementor-divider-separator{display:flex;margin:0;direction:ltr}.elementor-widget-divider--view-line_icon .elementor-divider-separator,.elementor-widget-divider--view-line_text .elementor-divider-separator{align-items:center}.elementor-widget-divider--view-line_icon .elementor-divider-separator:after,.elementor-widget-divider--view-line_icon .elementor-divider-separator:before,.elementor-widget-divider--view-line_text .elementor-divider-separator:after,.elementor-widget-divider--view-line_text .elementor-divider-separator:before{display:block;content:\"\";border-bottom:0;flex-grow:1;border-top:var(--divider-border-width) var(--divider-border-style) var(--divider-color)}.elementor-widget-divider--element-align-left .elementor-divider .elementor-divider-separator>.elementor-divider__svg:first-of-type{flex-grow:0;flex-shrink:100}.elementor-widget-divider--element-align-left .elementor-divider-separator:before{content:none}.elementor-widget-divider--element-align-left .elementor-divider__element{margin-left:0}.elementor-widget-divider--element-align-right .elementor-divider .elementor-divider-separator>.elementor-divider__svg:last-of-type{flex-grow:0;flex-shrink:100}.elementor-widget-divider--element-align-right .elementor-divider-separator:after{content:none}.elementor-widget-divider--element-align-right .elementor-divider__element{margin-right:0}.elementor-widget-divider:not(.elementor-widget-divider--view-line_text):not(.elementor-widget-divider--view-line_icon) .elementor-divider-separator{border-top:var(--divider-border-width) var(--divider-border-style) var(--divider-color)}.elementor-widget-divider--separator-type-pattern{--divider-border-style:none}.elementor-widget-divider--separator-type-pattern.elementor-widget-divider--view-line .elementor-divider-separator,.elementor-widget-divider--separator-type-pattern:not(.elementor-widget-divider--view-line) .elementor-divider-separator:after,.elementor-widget-divider--separator-type-pattern:not(.elementor-widget-divider--view-line) .elementor-divider-separator:before,.elementor-widget-divider--separator-type-pattern:not([class*=elementor-widget-divider--view]) .elementor-divider-separator{width:100%;min-height:var(--divider-pattern-height);-webkit-mask-size:var(--divider-pattern-size) 100%;mask-size:var(--divider-pattern-size) 100%;-webkit-mask-repeat:var(--divider-pattern-repeat);mask-repeat:var(--divider-pattern-repeat);background-color:var(--divider-color);-webkit-mask-image:var(--divider-pattern-url);mask-image:var(--divider-pattern-url)}.elementor-widget-divider--no-spacing{--divider-pattern-size:auto}.elementor-widget-divider--bg-round{--divider-pattern-repeat:round}.rtl .elementor-widget-divider .elementor-divider__text{direction:rtl}.e-con-inner>.elementor-widget-divider,.e-con>.elementor-widget-divider{width:var(--container-widget-width,100%);--flex-grow:var(--container-widget-flex-grow)}<\/style>\t\t<div class=\"elementor-divider\">\n\t\t\t<span class=\"elementor-divider-separator\">\n\t\t\t\t\t\t<\/span>\n\t\t<\/div>\n\t\t\t\t<\/div>\n\t\t\t\t<\/div>\n\t\t\t\t\t<\/div>\n\t\t<\/div>\n\t\t\t\t<div class=\"elementor-column elementor-col-50 elementor-top-column elementor-element elementor-element-1eee27f\" data-id=\"1eee27f\" data-element_type=\"column\">\n\t\t\t<div class=\"elementor-widget-wrap\">\n\t\t\t\t\t\t\t\t\t<\/div>\n\t\t<\/div>\n\t\t\t\t\t\t\t<\/div>\n\t\t<\/section>\n\t\t\t\t<section class=\"elementor-section elementor-top-section elementor-element elementor-element-c1c5deb elementor-section-boxed elementor-section-height-default elementor-section-height-default\" data-id=\"c1c5deb\" data-element_type=\"section\">\n\t\t\t\t\t\t<div class=\"elementor-container elementor-column-gap-default\">\n\t\t\t\t\t<div class=\"elementor-column elementor-col-100 elementor-top-column elementor-element elementor-element-aefe59d\" data-id=\"aefe59d\" data-element_type=\"column\">\n\t\t\t<div class=\"elementor-widget-wrap elementor-element-populated\">\n\t\t\t\t\t\t\t\t<div class=\"elementor-element elementor-element-ff53b1d elementor-widget elementor-widget-heading\" data-id=\"ff53b1d\" data-element_type=\"widget\" data-widget_type=\"heading.default\">\n\t\t\t\t<div class=\"elementor-widget-container\">\n\t\t\t<h4 class=\"elementor-heading-title elementor-size-default\">PROP\u00d3SITO DE LA POL\u00cdTICA<\/h4>\t\t<\/div>\n\t\t\t\t<\/div>\n\t\t\t\t\t<\/div>\n\t\t<\/div>\n\t\t\t\t\t\t\t<\/div>\n\t\t<\/section>\n\t\t\t\t<section class=\"elementor-section elementor-top-section elementor-element elementor-element-fc16a40 elementor-section-boxed elementor-section-height-default elementor-section-height-default\" data-id=\"fc16a40\" data-element_type=\"section\">\n\t\t\t\t\t\t<div class=\"elementor-container elementor-column-gap-default\">\n\t\t\t\t\t<div class=\"elementor-column elementor-col-100 elementor-top-column elementor-element elementor-element-32f488f\" data-id=\"32f488f\" data-element_type=\"column\">\n\t\t\t<div class=\"elementor-widget-wrap elementor-element-populated\">\n\t\t\t\t\t\t\t\t<div class=\"elementor-element elementor-element-ceaac54 elementor-widget elementor-widget-text-editor\" data-id=\"ceaac54\" data-element_type=\"widget\" data-widget_type=\"text-editor.default\">\n\t\t\t\t<div class=\"elementor-widget-container\">\n\t\t\t<style>\/*! elementor - v3.12.2 - 23-04-2023 *\/\n.elementor-widget-text-editor.elementor-drop-cap-view-stacked .elementor-drop-cap{background-color:#69727d;color:#fff}.elementor-widget-text-editor.elementor-drop-cap-view-framed .elementor-drop-cap{color:#69727d;border:3px solid;background-color:transparent}.elementor-widget-text-editor:not(.elementor-drop-cap-view-default) .elementor-drop-cap{margin-top:8px}.elementor-widget-text-editor:not(.elementor-drop-cap-view-default) .elementor-drop-cap-letter{width:1em;height:1em}.elementor-widget-text-editor .elementor-drop-cap{float:left;text-align:center;line-height:1;font-size:50px}.elementor-widget-text-editor .elementor-drop-cap-letter{display:inline-block}<\/style>\t\t\t\t<p style=\"text-align: justify;\">Cumplimiento de las normas internas y externas relacionadas con la Administraci\u00f3n del Riesgo de Lavado de Activos y Financiaci\u00f3n del Terrorismo.<\/p>\n<p style=\"text-align: justify;\"><strong>NORMATIVIDAD VIGENTE<\/strong><\/p>\n<p style=\"text-align: justify;\">CIRCULAR EXTERNA N\u00daMERO 000009 DEL 21 DE ABRIL DE 2016 SUPERINTENDENCIA NACIONAL DE SALUD.<\/p>\n<p style=\"text-align: justify;\"><strong>ALCANCE<\/strong><\/p>\n<p style=\"text-align: justify;\">La Pol\u00edtica de Gesti\u00f3n del Riesgo de Lavado de Activos y Financiaci\u00f3n del Terrorismo aplica a todos los procesos de CL\u00cdNICA SANTA SOF\u00cdA DEL PAC\u00cdFICO LTDA y partes interesadas.<\/p>\n<p style=\"text-align: justify;\"><strong>POL\u00cdTICA<\/strong><\/p>\n<p style=\"text-align: justify;\">La Junta Directiva y la Alta Direcci\u00f3n de la CL\u00cdNICA SANTA SOF\u00cdA DEL PAC\u00cdFICO LTDA manifiestan Horarios de atenci\u00f3n y compromiso para asegurar el cumplimiento de las normas internas y externas relacionadas con la Administraci\u00f3n del Riesgo Lavado de Activos y Financiaci\u00f3n del Terrorismo, para lo cual evaluar\u00e1 y fortalecer\u00e1 permanentemente los procesos de Debida Diligencia, Monitoreo y An\u00e1lisis de Operaciones Inusuales, Control de Transacciones en Efectivo y Reporte de Operaciones Sospechosas entre otros; disponiendo para tal prop\u00f3sito los recursos econ\u00f3micos, humanos y tecnol\u00f3gicos necesarios para su adecuado funcionamiento.<\/p>\n<p style=\"text-align: justify;\">En consecuencia, <strong>CL\u00cdNICA SANTA SOF\u00cdA DEL PAC\u00cdFICO LTDA<\/strong>. <strong>\u201cNO TOLERAR\u00c1\u201d<\/strong> comportamientos que faciliten en ninguna forma la comisi\u00f3n de los delitos asociados al Lavado de Activos o la Financiaci\u00f3n del Terrorismo tipificados en el C\u00f3digo Penal Colombiano.<\/p>\t\t\t\t\t\t<\/div>\n\t\t\t\t<\/div>\n\t\t\t\t<div class=\"elementor-element elementor-element-830c849 elementor-widget elementor-widget-spacer\" data-id=\"830c849\" data-element_type=\"widget\" data-widget_type=\"spacer.default\">\n\t\t\t\t<div class=\"elementor-widget-container\">\n\t\t\t\t\t<div class=\"elementor-spacer\">\n\t\t\t<div class=\"elementor-spacer-inner\"><\/div>\n\t\t<\/div>\n\t\t\t\t<\/div>\n\t\t\t\t<\/div>\n\t\t\t\t\t<\/div>\n\t\t<\/div>\n\t\t\t\t\t\t\t<\/div>\n\t\t<\/section>\n\t\t\t\t\t\t\t<\/div>\n\t\t","protected":false},"excerpt":{"rendered":"<p>Pol\u00edtica de gesti\u00f3n de riesgo LAFT PROP\u00d3SITO DE LA POL\u00cdTICA Cumplimiento de las normas internas y externas relacionadas con la Administraci\u00f3n del Riesgo de Lavado de Activos y Financiaci\u00f3n del Terrorismo. NORMATIVIDAD VIGENTE CIRCULAR EXTERNA N\u00daMERO 000009 DEL 21 DE ABRIL DE 2016 SUPERINTENDENCIA NACIONAL DE SALUD. ALCANCE La Pol\u00edtica de Gesti\u00f3n del Riesgo de [&hellip;]<\/p>\n","protected":false},"author":1,"featured_media":0,"parent":0,"menu_order":0,"comment_status":"closed","ping_status":"closed","template":"elementor_header_footer","meta":[],"yoast_head":"<!-- This site is optimized with the Yoast SEO plugin v20.6 - https:\/\/yoast.com\/wordpress\/plugins\/seo\/ -->\n<title>Pol\u00edtica de gesti\u00f3n de riesgo LAFT - Clinica Santa Sof\u00eda del Pac\u00edfico<\/title>\n<meta name=\"robots\" content=\"index, follow, max-snippet:-1, max-image-preview:large, max-video-preview:-1\" \/>\n<link rel=\"canonical\" href=\"https:\/\/clinicasantasofia.com\/index.php\/politica-de-gestion-de-riesgo-laft\/\" \/>\n<meta property=\"og:locale\" content=\"es_ES\" \/>\n<meta property=\"og:type\" content=\"article\" \/>\n<meta property=\"og:title\" content=\"Pol\u00edtica de gesti\u00f3n de riesgo LAFT - Clinica Santa Sof\u00eda del Pac\u00edfico\" \/>\n<meta property=\"og:description\" content=\"Pol\u00edtica de gesti\u00f3n de riesgo LAFT PROP\u00d3SITO DE LA POL\u00cdTICA Cumplimiento de las normas internas y externas relacionadas con la Administraci\u00f3n del Riesgo de Lavado de Activos y Financiaci\u00f3n del Terrorismo. NORMATIVIDAD VIGENTE CIRCULAR EXTERNA N\u00daMERO 000009 DEL 21 DE ABRIL DE 2016 SUPERINTENDENCIA NACIONAL DE SALUD. ALCANCE La Pol\u00edtica de Gesti\u00f3n del Riesgo de [&hellip;]\" \/>\n<meta property=\"og:url\" content=\"https:\/\/clinicasantasofia.com\/index.php\/politica-de-gestion-de-riesgo-laft\/\" \/>\n<meta property=\"og:site_name\" content=\"Clinica Santa Sof\u00eda del Pac\u00edfico\" \/>\n<meta property=\"article:modified_time\" content=\"2023-07-07T19:51:27+00:00\" \/>\n<meta name=\"twitter:card\" content=\"summary_large_image\" \/>\n<meta name=\"twitter:label1\" content=\"Tiempo de lectura\" \/>\n\t<meta name=\"twitter:data1\" content=\"1 minuto\" \/>\n<script type=\"application\/ld+json\" class=\"yoast-schema-graph\">{\"@context\":\"https:\/\/schema.org\",\"@graph\":[{\"@type\":\"WebPage\",\"@id\":\"https:\/\/clinicasantasofia.com\/index.php\/politica-de-gestion-de-riesgo-laft\/\",\"url\":\"https:\/\/clinicasantasofia.com\/index.php\/politica-de-gestion-de-riesgo-laft\/\",\"name\":\"Pol\u00edtica de gesti\u00f3n de riesgo LAFT - Clinica Santa Sof\u00eda del Pac\u00edfico\",\"isPartOf\":{\"@id\":\"https:\/\/clinicasantasofia.com\/#website\"},\"datePublished\":\"2023-05-07T13:11:51+00:00\",\"dateModified\":\"2023-07-07T19:51:27+00:00\",\"breadcrumb\":{\"@id\":\"https:\/\/clinicasantasofia.com\/index.php\/politica-de-gestion-de-riesgo-laft\/#breadcrumb\"},\"inLanguage\":\"es\",\"potentialAction\":[{\"@type\":\"ReadAction\",\"target\":[\"https:\/\/clinicasantasofia.com\/index.php\/politica-de-gestion-de-riesgo-laft\/\"]}]},{\"@type\":\"BreadcrumbList\",\"@id\":\"https:\/\/clinicasantasofia.com\/index.php\/politica-de-gestion-de-riesgo-laft\/#breadcrumb\",\"itemListElement\":[{\"@type\":\"ListItem\",\"position\":1,\"name\":\"Portada\",\"item\":\"https:\/\/clinicasantasofia.com\/\"},{\"@type\":\"ListItem\",\"position\":2,\"name\":\"Pol\u00edtica de gesti\u00f3n de riesgo LAFT\"}]},{\"@type\":\"WebSite\",\"@id\":\"https:\/\/clinicasantasofia.com\/#website\",\"url\":\"https:\/\/clinicasantasofia.com\/\",\"name\":\"Clinica Santa Sof\u00eda del Pac\u00edfico\",\"description\":\"Clinica Santa Sof\u00eda del Pac\u00edfico\",\"publisher\":{\"@id\":\"https:\/\/clinicasantasofia.com\/#organization\"},\"potentialAction\":[{\"@type\":\"SearchAction\",\"target\":{\"@type\":\"EntryPoint\",\"urlTemplate\":\"https:\/\/clinicasantasofia.com\/?s={search_term_string}\"},\"query-input\":\"required name=search_term_string\"}],\"inLanguage\":\"es\"},{\"@type\":\"Organization\",\"@id\":\"https:\/\/clinicasantasofia.com\/#organization\",\"name\":\"Clinica Santa Sof\u00eda del Pac\u00edfico\",\"url\":\"https:\/\/clinicasantasofia.com\/\",\"logo\":{\"@type\":\"ImageObject\",\"inLanguage\":\"es\",\"@id\":\"https:\/\/clinicasantasofia.com\/#\/schema\/logo\/image\/\",\"url\":\"https:\/\/clinicasantasofia.com\/wp-content\/uploads\/2022\/11\/cropped-clinica-santa-sofia-logo.png\",\"contentUrl\":\"https:\/\/clinicasantasofia.com\/wp-content\/uploads\/2022\/11\/cropped-clinica-santa-sofia-logo.png\",\"width\":1580,\"height\":530,\"caption\":\"Clinica Santa Sof\u00eda del Pac\u00edfico\"},\"image\":{\"@id\":\"https:\/\/clinicasantasofia.com\/#\/schema\/logo\/image\/\"}}]}<\/script>\n<!-- \/ Yoast SEO plugin. -->","yoast_head_json":{"title":"Pol\u00edtica de gesti\u00f3n de riesgo LAFT - Clinica Santa Sof\u00eda del Pac\u00edfico","robots":{"index":"index","follow":"follow","max-snippet":"max-snippet:-1","max-image-preview":"max-image-preview:large","max-video-preview":"max-video-preview:-1"},"canonical":"https:\/\/clinicasantasofia.com\/index.php\/politica-de-gestion-de-riesgo-laft\/","og_locale":"es_ES","og_type":"article","og_title":"Pol\u00edtica de gesti\u00f3n de riesgo LAFT - Clinica Santa Sof\u00eda del Pac\u00edfico","og_description":"Pol\u00edtica de gesti\u00f3n de riesgo LAFT PROP\u00d3SITO DE LA POL\u00cdTICA Cumplimiento de las normas internas y externas relacionadas con la Administraci\u00f3n del Riesgo de Lavado de Activos y Financiaci\u00f3n del Terrorismo. NORMATIVIDAD VIGENTE CIRCULAR EXTERNA N\u00daMERO 000009 DEL 21 DE ABRIL DE 2016 SUPERINTENDENCIA NACIONAL DE SALUD. ALCANCE La Pol\u00edtica de Gesti\u00f3n del Riesgo de [&hellip;]","og_url":"https:\/\/clinicasantasofia.com\/index.php\/politica-de-gestion-de-riesgo-laft\/","og_site_name":"Clinica Santa Sof\u00eda del Pac\u00edfico","article_modified_time":"2023-07-07T19:51:27+00:00","twitter_card":"summary_large_image","twitter_misc":{"Tiempo de lectura":"1 minuto"},"schema":{"@context":"https:\/\/schema.org","@graph":[{"@type":"WebPage","@id":"https:\/\/clinicasantasofia.com\/index.php\/politica-de-gestion-de-riesgo-laft\/","url":"https:\/\/clinicasantasofia.com\/index.php\/politica-de-gestion-de-riesgo-laft\/","name":"Pol\u00edtica de gesti\u00f3n de riesgo LAFT - Clinica Santa Sof\u00eda del Pac\u00edfico","isPartOf":{"@id":"https:\/\/clinicasantasofia.com\/#website"},"datePublished":"2023-05-07T13:11:51+00:00","dateModified":"2023-07-07T19:51:27+00:00","breadcrumb":{"@id":"https:\/\/clinicasantasofia.com\/index.php\/politica-de-gestion-de-riesgo-laft\/#breadcrumb"},"inLanguage":"es","potentialAction":[{"@type":"ReadAction","target":["https:\/\/clinicasantasofia.com\/index.php\/politica-de-gestion-de-riesgo-laft\/"]}]},{"@type":"BreadcrumbList","@id":"https:\/\/clinicasantasofia.com\/index.php\/politica-de-gestion-de-riesgo-laft\/#breadcrumb","itemListElement":[{"@type":"ListItem","position":1,"name":"Portada","item":"https:\/\/clinicasantasofia.com\/"},{"@type":"ListItem","position":2,"name":"Pol\u00edtica de gesti\u00f3n de riesgo LAFT"}]},{"@type":"WebSite","@id":"https:\/\/clinicasantasofia.com\/#website","url":"https:\/\/clinicasantasofia.com\/","name":"Clinica Santa Sof\u00eda del Pac\u00edfico","description":"Clinica Santa Sof\u00eda del Pac\u00edfico","publisher":{"@id":"https:\/\/clinicasantasofia.com\/#organization"},"potentialAction":[{"@type":"SearchAction","target":{"@type":"EntryPoint","urlTemplate":"https:\/\/clinicasantasofia.com\/?s={search_term_string}"},"query-input":"required name=search_term_string"}],"inLanguage":"es"},{"@type":"Organization","@id":"https:\/\/clinicasantasofia.com\/#organization","name":"Clinica Santa Sof\u00eda del Pac\u00edfico","url":"https:\/\/clinicasantasofia.com\/","logo":{"@type":"ImageObject","inLanguage":"es","@id":"https:\/\/clinicasantasofia.com\/#\/schema\/logo\/image\/","url":"https:\/\/clinicasantasofia.com\/wp-content\/uploads\/2022\/11\/cropped-clinica-santa-sofia-logo.png","contentUrl":"https:\/\/clinicasantasofia.com\/wp-content\/uploads\/2022\/11\/cropped-clinica-santa-sofia-logo.png","width":1580,"height":530,"caption":"Clinica Santa Sof\u00eda del Pac\u00edfico"},"image":{"@id":"https:\/\/clinicasantasofia.com\/#\/schema\/logo\/image\/"}}]}},"_links":{"self":[{"href":"https:\/\/clinicasantasofia.com\/index.php\/wp-json\/wp\/v2\/pages\/909"}],"collection":[{"href":"https:\/\/clinicasantasofia.com\/index.php\/wp-json\/wp\/v2\/pages"}],"about":[{"href":"https:\/\/clinicasantasofia.com\/index.php\/wp-json\/wp\/v2\/types\/page"}],"author":[{"embeddable":true,"href":"https:\/\/clinicasantasofia.com\/index.php\/wp-json\/wp\/v2\/users\/1"}],"replies":[{"embeddable":true,"href":"https:\/\/clinicasantasofia.com\/index.php\/wp-json\/wp\/v2\/comments?post=909"}],"version-history":[{"count":13,"href":"https:\/\/clinicasantasofia.com\/index.php\/wp-json\/wp\/v2\/pages\/909\/revisions"}],"predecessor-version":[{"id":2599,"href":"https:\/\/clinicasantasofia.com\/index.php\/wp-json\/wp\/v2\/pages\/909\/revisions\/2599"}],"wp:attachment":[{"href":"https:\/\/clinicasantasofia.com\/index.php\/wp-json\/wp\/v2\/media?parent=909"}],"curies":[{"name":"wp","href":"https:\/\/api.w.org\/{rel}","templated":true}]}}