{"id":1087,"date":"2023-05-15T02:08:09","date_gmt":"2023-05-15T02:08:09","guid":{"rendered":"https:\/\/clinicasantasofia.com\/web\/?page_id=1087"},"modified":"2023-05-15T02:28:56","modified_gmt":"2023-05-15T02:28:56","slug":"resena-historica","status":"publish","type":"page","link":"https:\/\/clinicasantasofia.com\/index.php\/nosotros\/resena-historica\/","title":{"rendered":"Rese\u00f1a hist\u00f3rica"},"content":{"rendered":"\t\t<div data-elementor-type=\"wp-page\" data-elementor-id=\"1087\" class=\"elementor elementor-1087\">\n\t\t\t\t\t\t\t\t\t<section class=\"elementor-section elementor-top-section elementor-element elementor-element-b3eb82b elementor-section-boxed elementor-section-height-default elementor-section-height-default\" data-id=\"b3eb82b\" data-element_type=\"section\">\n\t\t\t\t\t\t<div class=\"elementor-container elementor-column-gap-default\">\n\t\t\t\t\t<div class=\"elementor-column elementor-col-100 elementor-top-column elementor-element elementor-element-4e600d7\" data-id=\"4e600d7\" data-element_type=\"column\">\n\t\t\t<div class=\"elementor-widget-wrap elementor-element-populated\">\n\t\t\t\t\t\t\t\t<div class=\"elementor-element elementor-element-42084a4 elementor-widget elementor-widget-spacer\" data-id=\"42084a4\" data-element_type=\"widget\" data-widget_type=\"spacer.default\">\n\t\t\t\t<div class=\"elementor-widget-container\">\n\t\t\t<style>\/*! elementor - v3.12.2 - 23-04-2023 *\/\n.elementor-column .elementor-spacer-inner{height:var(--spacer-size)}.e-con{--container-widget-width:100%}.e-con-inner>.elementor-widget-spacer,.e-con>.elementor-widget-spacer{width:var(--container-widget-width,var(--spacer-size));--align-self:var(--container-widget-align-self,initial);--flex-shrink:0}.e-con-inner>.elementor-widget-spacer>.elementor-widget-container,.e-con-inner>.elementor-widget-spacer>.elementor-widget-container>.elementor-spacer,.e-con>.elementor-widget-spacer>.elementor-widget-container,.e-con>.elementor-widget-spacer>.elementor-widget-container>.elementor-spacer{height:100%}.e-con-inner>.elementor-widget-spacer>.elementor-widget-container>.elementor-spacer>.elementor-spacer-inner,.e-con>.elementor-widget-spacer>.elementor-widget-container>.elementor-spacer>.elementor-spacer-inner{height:var(--container-widget-height,var(--spacer-size))}<\/style>\t\t<div class=\"elementor-spacer\">\n\t\t\t<div class=\"elementor-spacer-inner\"><\/div>\n\t\t<\/div>\n\t\t\t\t<\/div>\n\t\t\t\t<\/div>\n\t\t\t\t\t<\/div>\n\t\t<\/div>\n\t\t\t\t\t\t\t<\/div>\n\t\t<\/section>\n\t\t\t\t<section class=\"elementor-section elementor-top-section elementor-element elementor-element-48feaf1 elementor-section-boxed elementor-section-height-default elementor-section-height-default\" data-id=\"48feaf1\" data-element_type=\"section\">\n\t\t\t\t\t\t<div class=\"elementor-container elementor-column-gap-default\">\n\t\t\t\t\t<div class=\"elementor-column elementor-col-100 elementor-top-column elementor-element elementor-element-09cfb02\" data-id=\"09cfb02\" data-element_type=\"column\">\n\t\t\t<div class=\"elementor-widget-wrap elementor-element-populated\">\n\t\t\t\t\t\t\t\t<div class=\"elementor-element elementor-element-cb84b1b elementor-widget elementor-widget-heading\" data-id=\"cb84b1b\" data-element_type=\"widget\" data-widget_type=\"heading.default\">\n\t\t\t\t<div class=\"elementor-widget-container\">\n\t\t\t<style>\/*! elementor - v3.12.2 - 23-04-2023 *\/\n.elementor-heading-title{padding:0;margin:0;line-height:1}.elementor-widget-heading .elementor-heading-title[class*=elementor-size-]>a{color:inherit;font-size:inherit;line-height:inherit}.elementor-widget-heading .elementor-heading-title.elementor-size-small{font-size:15px}.elementor-widget-heading .elementor-heading-title.elementor-size-medium{font-size:19px}.elementor-widget-heading .elementor-heading-title.elementor-size-large{font-size:29px}.elementor-widget-heading .elementor-heading-title.elementor-size-xl{font-size:39px}.elementor-widget-heading .elementor-heading-title.elementor-size-xxl{font-size:59px}<\/style><h1 class=\"elementor-heading-title elementor-size-default\">Rese\u00f1a hist\u00f3rica<\/h1>\t\t<\/div>\n\t\t\t\t<\/div>\n\t\t\t\t<div class=\"elementor-element elementor-element-7e986e0 elementor-widget-divider--view-line elementor-widget elementor-widget-divider\" data-id=\"7e986e0\" data-element_type=\"widget\" data-widget_type=\"divider.default\">\n\t\t\t\t<div class=\"elementor-widget-container\">\n\t\t\t<style>\/*! elementor - v3.12.2 - 23-04-2023 *\/\n.elementor-widget-divider{--divider-border-style:none;--divider-border-width:1px;--divider-color:#0c0d0e;--divider-icon-size:20px;--divider-element-spacing:10px;--divider-pattern-height:24px;--divider-pattern-size:20px;--divider-pattern-url:none;--divider-pattern-repeat:repeat-x}.elementor-widget-divider .elementor-divider{display:flex}.elementor-widget-divider .elementor-divider__text{font-size:15px;line-height:1;max-width:95%}.elementor-widget-divider .elementor-divider__element{margin:0 var(--divider-element-spacing);flex-shrink:0}.elementor-widget-divider .elementor-icon{font-size:var(--divider-icon-size)}.elementor-widget-divider .elementor-divider-separator{display:flex;margin:0;direction:ltr}.elementor-widget-divider--view-line_icon .elementor-divider-separator,.elementor-widget-divider--view-line_text .elementor-divider-separator{align-items:center}.elementor-widget-divider--view-line_icon .elementor-divider-separator:after,.elementor-widget-divider--view-line_icon .elementor-divider-separator:before,.elementor-widget-divider--view-line_text .elementor-divider-separator:after,.elementor-widget-divider--view-line_text .elementor-divider-separator:before{display:block;content:\"\";border-bottom:0;flex-grow:1;border-top:var(--divider-border-width) var(--divider-border-style) var(--divider-color)}.elementor-widget-divider--element-align-left .elementor-divider .elementor-divider-separator>.elementor-divider__svg:first-of-type{flex-grow:0;flex-shrink:100}.elementor-widget-divider--element-align-left .elementor-divider-separator:before{content:none}.elementor-widget-divider--element-align-left .elementor-divider__element{margin-left:0}.elementor-widget-divider--element-align-right .elementor-divider .elementor-divider-separator>.elementor-divider__svg:last-of-type{flex-grow:0;flex-shrink:100}.elementor-widget-divider--element-align-right .elementor-divider-separator:after{content:none}.elementor-widget-divider--element-align-right .elementor-divider__element{margin-right:0}.elementor-widget-divider:not(.elementor-widget-divider--view-line_text):not(.elementor-widget-divider--view-line_icon) .elementor-divider-separator{border-top:var(--divider-border-width) var(--divider-border-style) var(--divider-color)}.elementor-widget-divider--separator-type-pattern{--divider-border-style:none}.elementor-widget-divider--separator-type-pattern.elementor-widget-divider--view-line .elementor-divider-separator,.elementor-widget-divider--separator-type-pattern:not(.elementor-widget-divider--view-line) .elementor-divider-separator:after,.elementor-widget-divider--separator-type-pattern:not(.elementor-widget-divider--view-line) .elementor-divider-separator:before,.elementor-widget-divider--separator-type-pattern:not([class*=elementor-widget-divider--view]) .elementor-divider-separator{width:100%;min-height:var(--divider-pattern-height);-webkit-mask-size:var(--divider-pattern-size) 100%;mask-size:var(--divider-pattern-size) 100%;-webkit-mask-repeat:var(--divider-pattern-repeat);mask-repeat:var(--divider-pattern-repeat);background-color:var(--divider-color);-webkit-mask-image:var(--divider-pattern-url);mask-image:var(--divider-pattern-url)}.elementor-widget-divider--no-spacing{--divider-pattern-size:auto}.elementor-widget-divider--bg-round{--divider-pattern-repeat:round}.rtl .elementor-widget-divider .elementor-divider__text{direction:rtl}.e-con-inner>.elementor-widget-divider,.e-con>.elementor-widget-divider{width:var(--container-widget-width,100%);--flex-grow:var(--container-widget-flex-grow)}<\/style>\t\t<div class=\"elementor-divider\">\n\t\t\t<span class=\"elementor-divider-separator\">\n\t\t\t\t\t\t<\/span>\n\t\t<\/div>\n\t\t\t\t<\/div>\n\t\t\t\t<\/div>\n\t\t\t\t\t<\/div>\n\t\t<\/div>\n\t\t\t\t\t\t\t<\/div>\n\t\t<\/section>\n\t\t\t\t<section class=\"elementor-section elementor-top-section elementor-element elementor-element-9abca9f elementor-section-boxed elementor-section-height-default elementor-section-height-default\" data-id=\"9abca9f\" data-element_type=\"section\">\n\t\t\t\t\t\t<div class=\"elementor-container elementor-column-gap-default\">\n\t\t\t\t\t<div class=\"elementor-column elementor-col-100 elementor-top-column elementor-element elementor-element-c0d682f\" data-id=\"c0d682f\" data-element_type=\"column\">\n\t\t\t<div class=\"elementor-widget-wrap elementor-element-populated\">\n\t\t\t\t\t\t\t\t<div class=\"elementor-element elementor-element-162cd69 elementor-widget elementor-widget-spacer\" data-id=\"162cd69\" data-element_type=\"widget\" data-widget_type=\"spacer.default\">\n\t\t\t\t<div class=\"elementor-widget-container\">\n\t\t\t\t\t<div class=\"elementor-spacer\">\n\t\t\t<div class=\"elementor-spacer-inner\"><\/div>\n\t\t<\/div>\n\t\t\t\t<\/div>\n\t\t\t\t<\/div>\n\t\t\t\t\t<\/div>\n\t\t<\/div>\n\t\t\t\t\t\t\t<\/div>\n\t\t<\/section>\n\t\t\t\t<section class=\"elementor-section elementor-top-section elementor-element elementor-element-a0f32ea elementor-section-boxed elementor-section-height-default elementor-section-height-default\" data-id=\"a0f32ea\" data-element_type=\"section\">\n\t\t\t\t\t\t<div class=\"elementor-container elementor-column-gap-default\">\n\t\t\t\t\t<div class=\"elementor-column elementor-col-100 elementor-top-column elementor-element elementor-element-f93b77f\" data-id=\"f93b77f\" data-element_type=\"column\">\n\t\t\t<div class=\"elementor-widget-wrap elementor-element-populated\">\n\t\t\t\t\t\t\t\t<section class=\"elementor-section elementor-inner-section elementor-element elementor-element-d7ad151 elementor-section-boxed elementor-section-height-default elementor-section-height-default\" data-id=\"d7ad151\" data-element_type=\"section\">\n\t\t\t\t\t\t<div class=\"elementor-container elementor-column-gap-default\">\n\t\t\t\t\t<div class=\"elementor-column elementor-col-50 elementor-inner-column elementor-element elementor-element-5a4530e\" data-id=\"5a4530e\" data-element_type=\"column\">\n\t\t\t<div class=\"elementor-widget-wrap elementor-element-populated\">\n\t\t\t\t\t\t\t\t<div class=\"elementor-element elementor-element-f041c75 elementor-widget elementor-widget-text-editor\" data-id=\"f041c75\" data-element_type=\"widget\" data-widget_type=\"text-editor.default\">\n\t\t\t\t<div class=\"elementor-widget-container\">\n\t\t\t<style>\/*! elementor - v3.12.2 - 23-04-2023 *\/\n.elementor-widget-text-editor.elementor-drop-cap-view-stacked .elementor-drop-cap{background-color:#69727d;color:#fff}.elementor-widget-text-editor.elementor-drop-cap-view-framed .elementor-drop-cap{color:#69727d;border:3px solid;background-color:transparent}.elementor-widget-text-editor:not(.elementor-drop-cap-view-default) .elementor-drop-cap{margin-top:8px}.elementor-widget-text-editor:not(.elementor-drop-cap-view-default) .elementor-drop-cap-letter{width:1em;height:1em}.elementor-widget-text-editor .elementor-drop-cap{float:left;text-align:center;line-height:1;font-size:50px}.elementor-widget-text-editor .elementor-drop-cap-letter{display:inline-block}<\/style>\t\t\t\t<p class=\"\" style=\"text-align: justify;\">La Cl\u00ednica Santa Sof\u00eda del Pac\u00edfico Ltda., naci\u00f3 como proyecto de un grupo de empresarios de diferentes regiones del pa\u00eds en el a\u00f1o 1998, el objetivo com\u00fan era crear una IPS de Alta Complejidad ante las necesidades sentidas que ten\u00eda la poblaci\u00f3n de Buenaventura y sus municipios circunvecinos debido a la escaza red hospitalaria con la que contaba el litoral pac\u00edfico; este proyecto permitir\u00eda acortar distancias, salvar innumerables vidas que en m\u00faltiples ocasiones no alcanzaban a llegar a Cali siendo esta la ciudad m\u00e1s cercana, y lo m\u00e1s importante que era colocar la salud con calidad e integralidad al alcance de los Bonaverenses.<\/p>\t\t\t\t\t\t<\/div>\n\t\t\t\t<\/div>\n\t\t\t\t\t<\/div>\n\t\t<\/div>\n\t\t\t\t<div class=\"elementor-column elementor-col-50 elementor-inner-column elementor-element elementor-element-2c68cbb\" data-id=\"2c68cbb\" data-element_type=\"column\">\n\t\t\t<div class=\"elementor-widget-wrap elementor-element-populated\">\n\t\t\t\t\t\t\t\t<div class=\"elementor-element elementor-element-55ae691 elementor-widget__width-initial elementor-widget elementor-widget-image\" data-id=\"55ae691\" data-element_type=\"widget\" data-widget_type=\"image.default\">\n\t\t\t\t<div class=\"elementor-widget-container\">\n\t\t\t<style>\/*! elementor - v3.12.2 - 23-04-2023 *\/\n.elementor-widget-image{text-align:center}.elementor-widget-image a{display:inline-block}.elementor-widget-image a img[src$=\".svg\"]{width:48px}.elementor-widget-image img{vertical-align:middle;display:inline-block}<\/style>\t\t\t\t\t\t\t\t\t<figure class=\"wp-caption\">\n\t\t\t\t\t\t\t\t\t\t<img decoding=\"async\" width=\"1024\" height=\"681\" src=\"https:\/\/clinicasantasofia.com\/wp-content\/uploads\/2022\/11\/clinica-santa-sofia-del-pacifico-1-1024x681.jpg\" class=\"attachment-large size-large wp-image-317\" alt=\"\" loading=\"lazy\" srcset=\"https:\/\/clinicasantasofia.com\/wp-content\/uploads\/2022\/11\/clinica-santa-sofia-del-pacifico-1-1024x681.jpg 1024w, https:\/\/clinicasantasofia.com\/wp-content\/uploads\/2022\/11\/clinica-santa-sofia-del-pacifico-1-300x200.jpg 300w, https:\/\/clinicasantasofia.com\/wp-content\/uploads\/2022\/11\/clinica-santa-sofia-del-pacifico-1-768x511.jpg 768w, https:\/\/clinicasantasofia.com\/wp-content\/uploads\/2022\/11\/clinica-santa-sofia-del-pacifico-1-1536x1022.jpg 1536w, https:\/\/clinicasantasofia.com\/wp-content\/uploads\/2022\/11\/clinica-santa-sofia-del-pacifico-1-2048x1363.jpg 2048w\" sizes=\"(max-width: 1024px) 100vw, 1024px\" \/>\t\t\t\t\t\t\t\t\t\t\t<figcaption class=\"widget-image-caption wp-caption-text\">Cl\u00ednica Santa Sof\u00eda del Pac\u00edfico<\/figcaption>\n\t\t\t\t\t\t\t\t\t\t<\/figure>\n\t\t\t\t\t\t\t\t\t<\/div>\n\t\t\t\t<\/div>\n\t\t\t\t\t<\/div>\n\t\t<\/div>\n\t\t\t\t\t\t\t<\/div>\n\t\t<\/section>\n\t\t\t\t<div class=\"elementor-element elementor-element-210b168 elementor-widget elementor-widget-text-editor\" data-id=\"210b168\" data-element_type=\"widget\" data-widget_type=\"text-editor.default\">\n\t\t\t\t<div class=\"elementor-widget-container\">\n\t\t\t\t\t\t\t<p style=\"text-align: justify;\">Sin embargo, debido a innumerables dificultades de t\u00edtulos de propiedad de terrenos y otros factores, la obra se materializ\u00f3 muchos a\u00f1os despu\u00e9s hasta el a\u00f1o 2008 en que inici\u00f3 la construcci\u00f3n que ser\u00eda la primera IPS de alta complejidad en la costa Pac\u00edfica, es as\u00ed, como el d\u00eda 28 de Mayo del a\u00f1o 2010 la Cl\u00ednica Santa Sof\u00eda del Pac\u00edfico abre sus puertas teniendo como objeto social la prestaci\u00f3n de servicios integrales de salud de mediana y alta complejidad y ofrecer servicios complementarios al Hospital Departamental de Buenaventura y Cl\u00ednicas privadas de la ciudad que exist\u00edan en ese momento, tales como COMFAMAR y Cl\u00ednica Buenaventura, todas de baja y mediana complejidad.<\/p>\n<p style=\"text-align: justify;\">La Cl\u00ednica Santa Sof\u00eda apertura sus puertas con la habilitaci\u00f3n de los siguientes servicios: Urgencias y Observaci\u00f3n, Laboratorio Cl\u00ednico, Im\u00e1genes diagn\u00f3sticas, Cirug\u00eda de mediana y alta complejidad, Unidad de Cuidado Intensivo Neonatal y Pedi\u00e1trico, Unidad de Cuidados Intensivo Adulto, Unidad Renal, Hospitalizaci\u00f3n, Consulta Externa. La dif\u00edcil situaci\u00f3n del sector de la salud y la falta de fluidez financiera llevo a que casi todas las IPS localizadas en Buenaventura tuvieran que liquidarse, los m\u00e1s representativos y que generaron gran impacto se dieron en el a\u00f1o 2013 con el Hospital Departamental de Buenaventura y en el a\u00f1o 2017 la Cl\u00ednica Comfamar, esta situaci\u00f3n, obligo a la Cl\u00ednica a ampliar su capacidad y es as\u00ed como en el a\u00f1o 2014 ampl\u00eda su capacidad instalada en las \u00e1reas de Hospitalizaci\u00f3n y cirug\u00eda para garantizar la oportunidad y calidad en las atenciones medico asistenciales.<\/p>\n<p style=\"text-align: justify;\">La Cl\u00ednica Santa Sof\u00eda contin\u00faa ampliando su portafolio y desarrollando y ofreciendo nuevos servicios, con el objetivo de responder a las necesidades en salud de la poblaci\u00f3n\u00a0 onaverense y garantizando atenciones integrales y de alta calidad.<\/p>\t\t\t\t\t\t<\/div>\n\t\t\t\t<\/div>\n\t\t\t\t\t<\/div>\n\t\t<\/div>\n\t\t\t\t\t\t\t<\/div>\n\t\t<\/section>\n\t\t\t\t<section class=\"elementor-section elementor-top-section elementor-element elementor-element-88b8e14 elementor-section-boxed elementor-section-height-default elementor-section-height-default\" data-id=\"88b8e14\" data-element_type=\"section\">\n\t\t\t\t\t\t<div class=\"elementor-container elementor-column-gap-default\">\n\t\t\t\t\t<div class=\"elementor-column elementor-col-100 elementor-top-column elementor-element elementor-element-8b35565\" data-id=\"8b35565\" data-element_type=\"column\">\n\t\t\t<div class=\"elementor-widget-wrap elementor-element-populated\">\n\t\t\t\t\t\t\t\t<div class=\"elementor-element elementor-element-9083cb2 elementor-widget elementor-widget-spacer\" data-id=\"9083cb2\" data-element_type=\"widget\" data-widget_type=\"spacer.default\">\n\t\t\t\t<div class=\"elementor-widget-container\">\n\t\t\t\t\t<div class=\"elementor-spacer\">\n\t\t\t<div class=\"elementor-spacer-inner\"><\/div>\n\t\t<\/div>\n\t\t\t\t<\/div>\n\t\t\t\t<\/div>\n\t\t\t\t\t<\/div>\n\t\t<\/div>\n\t\t\t\t\t\t\t<\/div>\n\t\t<\/section>\n\t\t\t\t\t\t\t<\/div>\n\t\t","protected":false},"excerpt":{"rendered":"<p>Rese\u00f1a hist\u00f3rica La Cl\u00ednica Santa Sof\u00eda del Pac\u00edfico Ltda., naci\u00f3 como proyecto de un grupo de empresarios de diferentes regiones del pa\u00eds en el a\u00f1o 1998, el objetivo com\u00fan era crear una IPS de Alta Complejidad ante las necesidades sentidas que ten\u00eda la poblaci\u00f3n de Buenaventura y sus municipios circunvecinos debido a la escaza red [&hellip;]<\/p>\n","protected":false},"author":1,"featured_media":0,"parent":164,"menu_order":2,"comment_status":"closed","ping_status":"closed","template":"elementor_header_footer","meta":[],"yoast_head":"<!-- This site is optimized with the Yoast SEO plugin v20.6 - https:\/\/yoast.com\/wordpress\/plugins\/seo\/ -->\n<title>Rese\u00f1a hist\u00f3rica - Clinica Santa Sof\u00eda del Pac\u00edfico<\/title>\n<meta name=\"robots\" content=\"index, follow, max-snippet:-1, max-image-preview:large, max-video-preview:-1\" \/>\n<link rel=\"canonical\" href=\"https:\/\/clinicasantasofia.com\/index.php\/nosotros\/resena-historica\/\" \/>\n<meta property=\"og:locale\" content=\"es_ES\" \/>\n<meta property=\"og:type\" content=\"article\" \/>\n<meta property=\"og:title\" content=\"Rese\u00f1a hist\u00f3rica - Clinica Santa Sof\u00eda del Pac\u00edfico\" \/>\n<meta property=\"og:description\" content=\"Rese\u00f1a hist\u00f3rica La Cl\u00ednica Santa Sof\u00eda del Pac\u00edfico Ltda., naci\u00f3 como proyecto de un grupo de empresarios de diferentes regiones del pa\u00eds en el a\u00f1o 1998, el objetivo com\u00fan era crear una IPS de Alta Complejidad ante las necesidades sentidas que ten\u00eda la poblaci\u00f3n de Buenaventura y sus municipios circunvecinos debido a la escaza red [&hellip;]\" \/>\n<meta property=\"og:url\" content=\"https:\/\/clinicasantasofia.com\/index.php\/nosotros\/resena-historica\/\" \/>\n<meta property=\"og:site_name\" content=\"Clinica Santa Sof\u00eda del Pac\u00edfico\" \/>\n<meta property=\"article:modified_time\" content=\"2023-05-15T02:28:56+00:00\" \/>\n<meta property=\"og:image\" content=\"https:\/\/clinicasantasofia.com\/wp-content\/uploads\/2022\/11\/clinica-santa-sofia-del-pacifico-1-1024x681.jpg\" \/>\n<meta name=\"twitter:card\" content=\"summary_large_image\" \/>\n<meta name=\"twitter:label1\" content=\"Tiempo de lectura\" \/>\n\t<meta name=\"twitter:data1\" content=\"3 minutos\" \/>\n<script type=\"application\/ld+json\" class=\"yoast-schema-graph\">{\"@context\":\"https:\/\/schema.org\",\"@graph\":[{\"@type\":\"WebPage\",\"@id\":\"https:\/\/clinicasantasofia.com\/index.php\/nosotros\/resena-historica\/\",\"url\":\"https:\/\/clinicasantasofia.com\/index.php\/nosotros\/resena-historica\/\",\"name\":\"Rese\u00f1a hist\u00f3rica - Clinica Santa Sof\u00eda del Pac\u00edfico\",\"isPartOf\":{\"@id\":\"https:\/\/clinicasantasofia.com\/#website\"},\"datePublished\":\"2023-05-15T02:08:09+00:00\",\"dateModified\":\"2023-05-15T02:28:56+00:00\",\"breadcrumb\":{\"@id\":\"https:\/\/clinicasantasofia.com\/index.php\/nosotros\/resena-historica\/#breadcrumb\"},\"inLanguage\":\"es\",\"potentialAction\":[{\"@type\":\"ReadAction\",\"target\":[\"https:\/\/clinicasantasofia.com\/index.php\/nosotros\/resena-historica\/\"]}]},{\"@type\":\"BreadcrumbList\",\"@id\":\"https:\/\/clinicasantasofia.com\/index.php\/nosotros\/resena-historica\/#breadcrumb\",\"itemListElement\":[{\"@type\":\"ListItem\",\"position\":1,\"name\":\"Portada\",\"item\":\"https:\/\/clinicasantasofia.com\/\"},{\"@type\":\"ListItem\",\"position\":2,\"name\":\"Nosotros\",\"item\":\"https:\/\/clinicasantasofia.com\/index.php\/nosotros\/\"},{\"@type\":\"ListItem\",\"position\":3,\"name\":\"Rese\u00f1a hist\u00f3rica\"}]},{\"@type\":\"WebSite\",\"@id\":\"https:\/\/clinicasantasofia.com\/#website\",\"url\":\"https:\/\/clinicasantasofia.com\/\",\"name\":\"Clinica Santa Sof\u00eda del Pac\u00edfico\",\"description\":\"Clinica Santa Sof\u00eda del Pac\u00edfico\",\"publisher\":{\"@id\":\"https:\/\/clinicasantasofia.com\/#organization\"},\"potentialAction\":[{\"@type\":\"SearchAction\",\"target\":{\"@type\":\"EntryPoint\",\"urlTemplate\":\"https:\/\/clinicasantasofia.com\/?s={search_term_string}\"},\"query-input\":\"required name=search_term_string\"}],\"inLanguage\":\"es\"},{\"@type\":\"Organization\",\"@id\":\"https:\/\/clinicasantasofia.com\/#organization\",\"name\":\"Clinica Santa Sof\u00eda del Pac\u00edfico\",\"url\":\"https:\/\/clinicasantasofia.com\/\",\"logo\":{\"@type\":\"ImageObject\",\"inLanguage\":\"es\",\"@id\":\"https:\/\/clinicasantasofia.com\/#\/schema\/logo\/image\/\",\"url\":\"https:\/\/clinicasantasofia.com\/wp-content\/uploads\/2022\/11\/cropped-clinica-santa-sofia-logo.png\",\"contentUrl\":\"https:\/\/clinicasantasofia.com\/wp-content\/uploads\/2022\/11\/cropped-clinica-santa-sofia-logo.png\",\"width\":1580,\"height\":530,\"caption\":\"Clinica Santa Sof\u00eda del Pac\u00edfico\"},\"image\":{\"@id\":\"https:\/\/clinicasantasofia.com\/#\/schema\/logo\/image\/\"}}]}<\/script>\n<!-- \/ Yoast SEO plugin. -->","yoast_head_json":{"title":"Rese\u00f1a hist\u00f3rica - Clinica Santa Sof\u00eda del Pac\u00edfico","robots":{"index":"index","follow":"follow","max-snippet":"max-snippet:-1","max-image-preview":"max-image-preview:large","max-video-preview":"max-video-preview:-1"},"canonical":"https:\/\/clinicasantasofia.com\/index.php\/nosotros\/resena-historica\/","og_locale":"es_ES","og_type":"article","og_title":"Rese\u00f1a hist\u00f3rica - Clinica Santa Sof\u00eda del Pac\u00edfico","og_description":"Rese\u00f1a hist\u00f3rica La Cl\u00ednica Santa Sof\u00eda del Pac\u00edfico Ltda., naci\u00f3 como proyecto de un grupo de empresarios de diferentes regiones del pa\u00eds en el a\u00f1o 1998, el objetivo com\u00fan era crear una IPS de Alta Complejidad ante las necesidades sentidas que ten\u00eda la poblaci\u00f3n de Buenaventura y sus municipios circunvecinos debido a la escaza red [&hellip;]","og_url":"https:\/\/clinicasantasofia.com\/index.php\/nosotros\/resena-historica\/","og_site_name":"Clinica Santa Sof\u00eda del Pac\u00edfico","article_modified_time":"2023-05-15T02:28:56+00:00","og_image":[{"url":"https:\/\/clinicasantasofia.com\/wp-content\/uploads\/2022\/11\/clinica-santa-sofia-del-pacifico-1-1024x681.jpg"}],"twitter_card":"summary_large_image","twitter_misc":{"Tiempo de lectura":"3 minutos"},"schema":{"@context":"https:\/\/schema.org","@graph":[{"@type":"WebPage","@id":"https:\/\/clinicasantasofia.com\/index.php\/nosotros\/resena-historica\/","url":"https:\/\/clinicasantasofia.com\/index.php\/nosotros\/resena-historica\/","name":"Rese\u00f1a hist\u00f3rica - Clinica Santa Sof\u00eda del Pac\u00edfico","isPartOf":{"@id":"https:\/\/clinicasantasofia.com\/#website"},"datePublished":"2023-05-15T02:08:09+00:00","dateModified":"2023-05-15T02:28:56+00:00","breadcrumb":{"@id":"https:\/\/clinicasantasofia.com\/index.php\/nosotros\/resena-historica\/#breadcrumb"},"inLanguage":"es","potentialAction":[{"@type":"ReadAction","target":["https:\/\/clinicasantasofia.com\/index.php\/nosotros\/resena-historica\/"]}]},{"@type":"BreadcrumbList","@id":"https:\/\/clinicasantasofia.com\/index.php\/nosotros\/resena-historica\/#breadcrumb","itemListElement":[{"@type":"ListItem","position":1,"name":"Portada","item":"https:\/\/clinicasantasofia.com\/"},{"@type":"ListItem","position":2,"name":"Nosotros","item":"https:\/\/clinicasantasofia.com\/index.php\/nosotros\/"},{"@type":"ListItem","position":3,"name":"Rese\u00f1a hist\u00f3rica"}]},{"@type":"WebSite","@id":"https:\/\/clinicasantasofia.com\/#website","url":"https:\/\/clinicasantasofia.com\/","name":"Clinica Santa Sof\u00eda del Pac\u00edfico","description":"Clinica Santa Sof\u00eda del Pac\u00edfico","publisher":{"@id":"https:\/\/clinicasantasofia.com\/#organization"},"potentialAction":[{"@type":"SearchAction","target":{"@type":"EntryPoint","urlTemplate":"https:\/\/clinicasantasofia.com\/?s={search_term_string}"},"query-input":"required name=search_term_string"}],"inLanguage":"es"},{"@type":"Organization","@id":"https:\/\/clinicasantasofia.com\/#organization","name":"Clinica Santa Sof\u00eda del Pac\u00edfico","url":"https:\/\/clinicasantasofia.com\/","logo":{"@type":"ImageObject","inLanguage":"es","@id":"https:\/\/clinicasantasofia.com\/#\/schema\/logo\/image\/","url":"https:\/\/clinicasantasofia.com\/wp-content\/uploads\/2022\/11\/cropped-clinica-santa-sofia-logo.png","contentUrl":"https:\/\/clinicasantasofia.com\/wp-content\/uploads\/2022\/11\/cropped-clinica-santa-sofia-logo.png","width":1580,"height":530,"caption":"Clinica Santa Sof\u00eda del Pac\u00edfico"},"image":{"@id":"https:\/\/clinicasantasofia.com\/#\/schema\/logo\/image\/"}}]}},"_links":{"self":[{"href":"https:\/\/clinicasantasofia.com\/index.php\/wp-json\/wp\/v2\/pages\/1087"}],"collection":[{"href":"https:\/\/clinicasantasofia.com\/index.php\/wp-json\/wp\/v2\/pages"}],"about":[{"href":"https:\/\/clinicasantasofia.com\/index.php\/wp-json\/wp\/v2\/types\/page"}],"author":[{"embeddable":true,"href":"https:\/\/clinicasantasofia.com\/index.php\/wp-json\/wp\/v2\/users\/1"}],"replies":[{"embeddable":true,"href":"https:\/\/clinicasantasofia.com\/index.php\/wp-json\/wp\/v2\/comments?post=1087"}],"version-history":[{"count":41,"href":"https:\/\/clinicasantasofia.com\/index.php\/wp-json\/wp\/v2\/pages\/1087\/revisions"}],"predecessor-version":[{"id":1128,"href":"https:\/\/clinicasantasofia.com\/index.php\/wp-json\/wp\/v2\/pages\/1087\/revisions\/1128"}],"up":[{"embeddable":true,"href":"https:\/\/clinicasantasofia.com\/index.php\/wp-json\/wp\/v2\/pages\/164"}],"wp:attachment":[{"href":"https:\/\/clinicasantasofia.com\/index.php\/wp-json\/wp\/v2\/media?parent=1087"}],"curies":[{"name":"wp","href":"https:\/\/api.w.org\/{rel}","templated":true}]}}